{"id":502,"date":"2022-02-09T18:41:44","date_gmt":"2022-02-09T17:41:44","guid":{"rendered":"http:\/\/www.lacan.at\/?page_id=502"},"modified":"2022-02-11T11:10:54","modified_gmt":"2022-02-11T10:10:54","slug":"publikationengerhard-burda","status":"publish","type":"page","link":"https:\/\/www.lacan.at\/?page_id=502","title":{"rendered":"Gerhard Burda"},"content":{"rendered":"\n<h2 class=\"wp-block-heading\" id=\"publikationen\">Publikationen<\/h2>\n\n\n\n<p><\/p>\n\n\n\n<h2 class=\"wp-block-heading\" id=\"monographien\">Monographien<\/h2>\n\n\n\n<p><strong>Das Selbst der Verantwortung.<\/strong> <em>Ein Beitrag zum ethischen Verst\u00e4ndnis bei C.G. Jung<\/em>,<br>Wien 1998, Passagen<br><br><strong>Kronos\u2018 Welt. Depression und die Vers\u00f6hnung von Trauer und Melancholie<\/strong>, Frankfurt 2005, P. Lang Verlag<br><br><strong>Ethik. Raum-Gesetz-Begehren<\/strong>, Wien 2008, Passagen<br><br><strong>Religion und Differenz.<\/strong> Derrida. Lacan, Wien 2008, Sonderzahl<br><br><strong>Seelenpolitik. \u00dcber die Seele und andere Selbst-Differenzen<\/strong>, Wien 2009, Passagen<br><br><strong>Mediales Denken. Eine Ph\u00e4nomediologie,<\/strong> Wien 2010, Passagen<br><br><strong>Passagen ins Sein. Eine Ontomediologie,<\/strong> Wien 2011, Passagen<br><br><strong>Formate der Seele. Erkenntnistheoretische Grundlagen und ethische Implikationen <\/strong>der Allgemeinen Psychotherapiewissenschaft, M\u00fcnster 2012, Waxmann<br><br><strong>Self-Difference (Absolute Fragility). Post-Foundational Perspectives on Ethics in<br>Analytical Psychology<\/strong>, Wien 2013, SFU-Verlag<br><br><strong>Psychoanalyse der Erl\u00f6sung. Religion, Ethik, Politik, Film<\/strong>, M\u00fcnster 2016, Waxmann<br><br><strong>Mediale Identit\u00e4t\/en. Politik, Psychoanalyse und die Phantasmen von Verbindung <\/strong>und Trennung, <em>Libri Nigri 68<\/em>, Nordhausen 2018, T. Bautz<br><br><strong>Pandora und die Metaphysica medialis. Psychotherapie, Wissenschaft, Philosophie,<\/strong> 2019, Waxmann<br><br><strong>Epistemische Achtsamkeit. Psychotherapiewissenschaft und die Analytische Psychologie C. G. Jungs,<\/strong> M\u00fcnster 2021, Waxmann<br><br><strong>Absolut Medial. Essay zur Theo-Techno-Anthropo-Mediologie<\/strong>, <em>Libri Nigri 86<\/em>,<br>Nordhausen 2021, T. Bautz<\/p>\n\n\n\n<h2 class=\"wp-block-heading\" id=\"mitherausgeber\">Mitherausgeber<\/h2>\n\n\n\n<p>Kurt Greiner, Martin Jandl, Gerhard Burda: <strong>Der Psycho-Bild-Prozess und andere<br>Beitr\u00e4ge zu Psychotherapiewissenschaft und Philosophie<\/strong>, SFU-Verlag, Wien 2013<\/p>\n\n\n\n<h2 class=\"wp-block-heading\" id=\"beitrage-in-journalen-und-sammelbanden\">Beitr\u00e4ge in Journalen und Sammelb\u00e4nden<\/h2>\n\n\n\n<p><strong>Ethik im Schatten des Vaters<\/strong>. C.G. Jung, E. Neumann und das hysterische Begehren, in: Analytische Psychologie. Zeitschrift f\u00fcr Psychoanalyse und Psychotherapie Band 3\/2005, Frankfurt 2005<br><br><strong>The Matrix Religion oder Das unm\u00f6gliche Ende<\/strong>, in: Texte. Psychoanalyse, \u00c4sthetik,<br>Kulturkritik, Heft 3\/2005, Wien 2005<br><br><strong>E\/ethik \u2013 more borromaeico<\/strong>. <em>\u00dcber ethische Differenz, Metaethik und die drei<\/em><br>Kernbereiche des Ethischen, in: RISS, Zeitschrift f\u00fcr Psychoanalyse, Freud \u2013 Lacan,<br>Nr. 64, Der psychoanalytische Akt, Wien 2006<br><br><strong>Wer f\u00fcrchtet sich vorm Muselmann?<\/strong> <em>\u00dcber Islamonoia<\/em>, in: Ellensohn\/Fallend (Hg.)<br>Werkblatt. Zeitschrift f\u00fcr Psychoanalyse und Gesellschaftskritik 60 Heft 1\/25. Jg. 2008<br><br><strong>Jerusalem, &#8230; nicht-alles.<\/strong> <em>Eine kleine Differ\u00e1nceologie rund um Ridley Scotts Film<br>\u201eK\u00f6nigreich der Himmel\u201c<\/em>, in: RISS, Zeitschrift f\u00fcr Psychoanalyse, Freud \u2013 Lacan, Nr.<br>72\/73, Psychoanalyse und Film, Wien 2009\/II-III<br><br><strong>Mit \u017di\u017eek in der Nacht der Welt: Regime der Einbildungskraft<\/strong>, in: RISS, Zeitschrift f\u00fcr Psychoanalyse, Freud \u2013 Lacan, Nr. 74, Schmerz, Wien 2010\/I<br><br><strong>Am Anfang war das Medium \u201eDie offene Psyche und ihre Feinde\u201c<\/strong>, in: Wege zum<br>Menschen. Zeitschrift f\u00fcr Seelsorger und Berater, heilendes und soziales Handeln, 63. Jg. Heft 1\/2011<br><br><strong>Das epistemische Unbewusste.<\/strong> <em>Zur Frage der Positionierung der Analytischen<br>Psychologie im Spannungsfeld der Wissenschaften<\/em>, in: Analytische Psychologie.<br>Zeitschrift f\u00fcr Psychoanalyse und Psychotherapie Band 1\/2012 Jung\u2018sche Theorie \u2013<br>Entwicklung und Forschungsperspektiven, Frankfurt<br><br><strong>Medialit\u00e4t und Methode.<\/strong> <em>Zur Dekonstitution von Wirklichkeitsauffassung in<br>Psychotherapie und Psychotherapiewissenschaft<\/em>. In: Zeitschrift f\u00fcr<br>Psychotraumatologie, Psychotherapiewissenschaft, Psychologische Medizin, 2012<br><br><strong>Die \u00f6sterreichische Seele und ihr politisches Selbst: Geschichte einer Differenz<\/strong>, 2014, http:\/\/forschungsbulletin.sfu.ac.at<br><br><strong>Tradition in Transition. <\/strong><em>Zug\u00e4nge zum psychotherapeutischen Prozess,<\/em> 2015,<br>http:\/\/forschungsbulletin.sfu.ac.at<br><br><strong>Unde bonum? Ethische Urszenen im Vergleich<\/strong>, in: Analytische Psychologie.<br>Zeitschrift f\u00fcr Psychoanalyse und Psychotherapie Band 3\/2015, Frankfurt<br><br><strong>\u00dcberg\u00e4nge am Rand der Welt.<\/strong> <strong>Anthropologische Konstanten in den Galt\u00fcr-<\/strong><em>Interviews<\/em>, in: Rieken, B. (Hrsg.): <em>Wie bew\u00e4ltigt man das Unfassbare. Interdisziplin\u00e4re Zug\u00e4nge am Beispiel der Lawinenkatastrophe von Galt\u00fcr<\/em>, Psychotherapiewissenschaft in Forschung, Profession und Kultur, Band 10, M\u00fcnster 2015<br><br><strong>Psychotherapie und Wissenschaft \u2013 eine Nabelschau?<\/strong>, in: Psychotherapie-<br>Wissenschaft, 2\/2019, Gie\u00dfen<br><br><strong>Medium und Mediat in Psychotherapie und Psychotherapiewissenschaft<\/strong>, in:<br>Psychotherapie-Wissenschaft, 2020\/2, Gie\u00dfen<\/p>\n\n\n\n<h2 class=\"wp-block-heading\" id=\"beitrage-in-journalen-und-sammelbanden\"><br><br><\/h2>\n","protected":false},"excerpt":{"rendered":"<p>Publikationen Monographien Das Selbst der Verantwortung. Ein Beitrag zum ethischen Verst\u00e4ndnis bei C.G. Jung,Wien 1998, Passagen Kronos\u2018 Welt. Depression und die Vers\u00f6hnung von Trauer und Melancholie, Frankfurt 2005, P. Lang Verlag Ethik. Raum-Gesetz-Begehren, Wien 2008, Passagen Religion und Differenz. Derrida. Lacan, Wien 2008, Sonderzahl Seelenpolitik. \u00dcber die Seele und andere Selbst-Differenzen, Wien 2009, Passagen Mediales [&hellip;]<\/p>\n","protected":false},"author":2,"featured_media":0,"parent":0,"menu_order":0,"comment_status":"closed","ping_status":"closed","template":"","meta":{"footnotes":""},"class_list":["post-502","page","type-page","status-publish","hentry"],"_links":{"self":[{"href":"https:\/\/www.lacan.at\/index.php?rest_route=\/wp\/v2\/pages\/502","targetHints":{"allow":["GET"]}}],"collection":[{"href":"https:\/\/www.lacan.at\/index.php?rest_route=\/wp\/v2\/pages"}],"about":[{"href":"https:\/\/www.lacan.at\/index.php?rest_route=\/wp\/v2\/types\/page"}],"author":[{"embeddable":true,"href":"https:\/\/www.lacan.at\/index.php?rest_route=\/wp\/v2\/users\/2"}],"replies":[{"embeddable":true,"href":"https:\/\/www.lacan.at\/index.php?rest_route=%2Fwp%2Fv2%2Fcomments&post=502"}],"version-history":[{"count":3,"href":"https:\/\/www.lacan.at\/index.php?rest_route=\/wp\/v2\/pages\/502\/revisions"}],"predecessor-version":[{"id":517,"href":"https:\/\/www.lacan.at\/index.php?rest_route=\/wp\/v2\/pages\/502\/revisions\/517"}],"wp:attachment":[{"href":"https:\/\/www.lacan.at\/index.php?rest_route=%2Fwp%2Fv2%2Fmedia&parent=502"}],"curies":[{"name":"wp","href":"https:\/\/api.w.org\/{rel}","templated":true}]}}